e -1*((-4 - -27) + 4). Let o = -19 - j. What is the remainder when 15 is divided by o?
7
Suppose 2*z + 3*v - 27 = 0, -3*z = -3*v - 93 + 30. What is the remainder when 75 is divided by z?
3
Let j be 20 - -2 - (-30)/(-10). Suppose 3*s - 5*h - 50 = 0, -3*s + 25 = h - j. Let p = 6 + s. Calculate the remainder when 38 is divided by p.
17
Let n(v) = -3*v - 12. Let u be n(-4). Suppose u = -a + 24 + 27. Suppose 0 = -c - 2*c + a. Calculate the remainder when c is divided by 4.
1
Suppose 0 = 5*o - y - y - 23, 11 = 5*o + y. Let l(v) = 6*v**3 - 4*v**2 - 4*v + 10. Calculate the remainder when l(o) is divided by 42.
40
Let n(w) = w**3 + 5*w**2 - 14*w + 10. Calculate the remainder when 0 + 39 + 0/(-1) is divided by n(2).
9
Suppose 0 = 40*p - 16*p - 312. Calculate the remainder when 41 is divided by p.
2
Let v(l) = -l**2 - 7*l - 6. Let f be v(-3). Suppose g - i = f, 4*g + g = -5*i. Suppose 491 - 146 = g*z. What is the remainder when z is divided by 39?
37
Let i(v) = -v - 15. Let g(u) = u + 16. Let d(b) = 3*g(b) + 4*i(b). What is the remainder when d(-19) is divided by 4?
3
Let u(k) = k**2 + 14*k + 1. Let h be u(-15). Let z be 7 - (6 + -2 + -2). Let a = h - z. What is the remainder when 52 is divided by a?
8
Let d be 561/27 + 2/9. Suppose 0*q = 3*q - 3*y + 63, -3*y + d = -q. Let f = -8 - q. Calculate the remainder when f is divided by 5.
3
Let d(q) = q**2 + 3*q - 39. Let b be d(0). Let k = b + 45. Calculate the remainder when 23 is divided by k.
5
Suppose 0*g - 2*g = 4*x - 40, -3*x + 22 = g. What is the remainder when 158 is divided by g?
14
Suppose 5*m + 2*m = 350. Calculate the remainder when 698 is divided by m.
48
Let k be (4/5)/(2/10). Suppose -3*i = k*x - 4, -5*x = -0*x + 5*i. Suppose -x*q = -47 - 65. Calculate the remainder when q is divided by 15.
13
Let u(o) = 3*o**2 - 4*o - 5. What is the remainder when u(-2) is divided by 8?
7
Suppose 0 = 5*q + x - 10, -2*q + 4 + 0 = -x. Suppose -q*l = 10, 3*s - 3*l = 7*s - 185. What is the remainder when 96 is divided by s?
46
Suppose -x - 2*x + l = -113, l + 149 = 4*x. Calculate the remainder when x is divided by 10.
6
Suppose 350 = 11*d + 130. Calculate the remainder when d is divided by 4.
0
What is the remainder when (-622)/(-12) - 2/(-12) is divided by 14?
10
Suppose 5 = r - 11. Suppose -90 = -2*f + 2*c, -4*c - 54 - 46 = -2*f. Let t = -10 + f. Calculate the remainder when t is divided by r.
14
Suppose 0 = -4*o + 4*j + 36, -3*j + 52 = 4*o + j. Suppose -5*n + 5*c - 3 = 7, 0 = 3*n - 4*c + 9. Calculate the remainder when o is divided by n/(44/14 + -3).
4
Suppose -2*g - 10 = 4*d, -2*d + 3*g + 3 = -4. Let r = d + 12. Calculate the remainder when (3 - 2)/(2/62) is divided by r.
9
Calculate the remainder when 0 + (199 - (0 - 10)) is divided by 14.
13
Let y = 2 + 6. Let o(b) = 7 - 29 - b + y - 7*b. Calculate the remainder when o(-5) is divided by 7.
5
Suppose 0 = 4*c + 48 - 404. Let q(g) = 2*g**2 + 1. Calculate the remainder when c is divided by q(-2).
8
Let v(d) = -9 + 4 - 6 + 7*d - d. Let i be v(6). What is the remainder when 5/2*430/i is divided by 9?
7
Let c(m) = -m**2 + 9*m + 16. Let h be c(5). Suppose 0 = -44*w + 40*w + h. What is the remainder when 17 is divided by w?
8
Suppose -3*j - 2*p + 484 = 0, -5*p = -j - 4*j + 790. Suppose -4*w - 127 = -5*l, 5*l - 4*w = -9*w + 100. What is the remainder when j is divided by l?
22
Let a(n) = n**3 - 16*n**2 + 16*n - 5. Let o be a(15). Suppose -v = -37 - o. Let s = 7 - -5. What is the remainder when v is divided by s?
11
Suppose 5*l - 39 = -o, -3*o - o + 5*l + 81 = 0. Let p = -11 + o. Suppose 0 = -2*w - 0*w + 72. What is the remainder when w is divided by p?
10
Let i = -1220 - -1250. What is the remainder when 2487 is divided by i?
27
Suppose -579 = 37*x - 3724. Calculate the remainder when x is divided by 24.
13
Let o = -1 + -2. Calculate the remainder when (o/3)/(2/(-184)) is divided by 31.
30
Let c(h) = h**2 - 5*h + 3. Let w be c(5). Suppose 3*v = w*n - 90 + 6, 8 = n + 4*v. Suppose 2*q = 5*q - n. What is the remainder when 21 is divided by q?
5
Let r = -441 - -485. Let y(k) = -k**2 + 85. Calculate the remainder when y(0) is divided by r.
41
Let l = -379 + 405. Suppose 0 = t - 1 - 6. Calculate the remainder when l is divided by t.
5
Let r(u) be the first derivative of 1/4*u**4 - 5/3*u**3 - 4 + 1/2*u**2 + 5*u. Calculate the remainder when r(5) is divided by 7.
3
Let n(c) = -18*c - 100. Calculate the remainder when n(-22) is divided by 27.
26
Let y(o) = o**2 - 3*o - 3. Let s be y(4). Suppose -h = -p + s, 0*p = -5*h + 4*p - 10. Calculate the remainder when ((-46)/h)/((-5)/(-15)) is divided by 13.
10
Let p be (524/(-2) + 1)*(-48)/36. Suppose -p = -3*q - 3*q. Calculate the remainder when 169 is divided by q.
53
Let t = 60 + 53. Suppose -3*q + t = 4*r, 0 = 7*q - 2*q - r - 173. What is the remainder when 136 is divided by q?
31
Suppose 0 = -5*j + 5*o - 5, -4*o - o + 8 = -4*j. Let g = 70 + -111. What is the remainder when 21/28 + g/(-4) is divided by j?
2
Suppose -1 = 4*k + 3. Let o be 3/1 - (-6)/k. What is the remainder when 52 is divided by 24 + 3 + o - -3?
25
Suppose 3*q = 12, 0 = -3*a + 4*q - 5*q + 76. What is the remainder when 1 - 6*(-31)/2 is divided by a?
22
Suppose 6 = h - 2*v, 4*v = h - 2*h + 6. Suppose -h*a + 156 = -2*a. What is the remainder when a is divided by 6?
3
Suppose -4*o = -4, -5*o = -145*a + 141*a + 2427. What is the remainder when a is divided by 12?
8
Let f be (-5)/(-35) - (-1 - (-711)/(-21)). Let u = f + 43. What is the remainder when u is divided by 20?
18
Suppose -96 = -51*t + 49*t. What is the remainder when 239 is divided by t?
47
Suppose -s + r + 47 = 0, 6*r = -2*s + 7*r + 97. Calculate the remainder when s is divided by 44.
6
Let c(v) = 2*v**3 + 41*v**2 + 10*v - 44. What is the remainder when 928 is divided by c(-20)?
148
Suppose -38*i + 175 + 53 = 0. Let f(q) = q**3 - q**2 - q - 3. Let j be f(0). Let d(r) = r**2 + r - 4. Calculate the remainder when i is divided by d(j).
0
What is the remainder when 169 is divided by (-1 + -3 + (-12)/(-4))*-5?
4
What is the remainder when -1*1 - (-23)/1 is divided by (1 - (-2)/(-3))/((4 - 20)/(-288))?
4
Let a(r) = -11*r - 9. What is the remainder when 275 is divided by a(-5)?
45
Suppose -2*m + k = -54, 4*m - 75 - 41 = 4*k. Calculate the remainder when (-97)/(3/(-1) + 2) is divided by m.
22
Calculate the remainder when 3/(-15) - (305/(-25) - 2) is divided by 10.
4
What is the remainder when 196 is divided by (-3 - 1)*(1 - 2) + 18?
20
Suppose -30 = -7*j - 3*j. Calculate the remainder when j/(310/700 + 2/(-5)) is divided by 24.
22
Suppose 50 = 5*d - 10. Suppose 368 = 6*w - 2*w. Suppose -7*o + 3*o + w = 0. What is the remainder when o is divided by d?
11
Let l be 2/(-2) + -3 - -7. Suppose -y + 30 = l*q, -3*y - y + q + 55 = 0. Calculate the remainder when y is divided by 8.
7
Suppose 258 = 3*h - 3*w, h + 2*w = 57 + 29. Suppose 3*j = -5*y + 5 + 218, 0 = y + 2*j - 46. Calculate the remainder when h is divided by y.
42
Let u(r) be the first derivative of -r**4/4 + r**3/3 + 22*r + 38. Calculate the remainder when 151 is divided by u(0).
19
Suppose f - 2 + 0 = 0. Suppose -f*b - 184 = -4*b. Let x = -50 + b. What is the remainder when x is divided by 9?
6
Let i(d) = 3*d**2 + 5*d - 15. What is the remainder when i(-7) is divided by 50?
47
Let g = -359 + 389. Let c(o) = o**3 + 5*o**2 + 3*o + 4. Calculate the remainder when g is divided by c(-4).
6
Suppose 2*c + 70 = 7*c. Calculate the remainder when -1*((-16)/(-4) + -57) is divided by c + 0/(1 - 2).
11
Suppose -11*s + 5*s = -12. Suppose -90 = -2*o + 2*v, -o + s*v + 55 = -v. What is the remainder when o is divided by 14?
12
Let y = 4 - 1. Suppose 3*q + y*p = 9, -3*q - 3*p = -4*q + 19. What is the remainder when 17 is divided by q?
3
Let b(q) = 3*q + 3. What is the remainder when 145 is divided by b(8)?
10
Let g(q) = -q**2 + 8*q + 8. Let a(f) = -f**2 + 6*f + 4. Let j be a(6). Suppose 3*i + 72 = j*i. Calculate the remainder when i is divided by g(7).
12
Let s = -1063 + 1158. Calculate the remainder when 854 is divided by s.
94
Suppose -5*r - w = -3*r - 77, 4*r + 5*w = 139. Let a = -11 + 11. Suppose a = 5*x - 58 - 17. What is the remainder when r is divided by x?
11
Let j(w) = -w**3 - 4*w**2 + 4*w - 7. Let b be j(-5). Let v be ((-2)/(-1))/b*5. Let c(i) = -i**2 - 7*i - 2. What is